{"id":111,"date":"2025-10-20T10:05:33","date_gmt":"2025-10-20T08:05:33","guid":{"rendered":"https:\/\/citadinisulidarii.org\/?page_id=111"},"modified":"2025-11-14T09:01:58","modified_gmt":"2025-11-14T08:01:58","slug":"statuts","status":"publish","type":"page","link":"https:\/\/citadinisulidarii.org\/","title":{"rendered":"L&rsquo;ASSOCIATION"},"content":{"rendered":"\t\t<div data-elementor-type=\"wp-page\" data-elementor-id=\"111\" class=\"elementor elementor-111\">\n\t\t\t\t<div class=\"elementor-element elementor-element-8565dd7 e-flex e-con-boxed e-con e-parent\" data-id=\"8565dd7\" data-element_type=\"container\">\n\t\t\t\t\t<div class=\"e-con-inner\">\n\t\t\t\t<div class=\"elementor-element elementor-element-a7b69a5 elementor-widget elementor-widget-image\" data-id=\"a7b69a5\" data-element_type=\"widget\" data-widget_type=\"image.default\">\n\t\t\t\t\t\t\t\t\t\t\t\t\t\t\t<img decoding=\"async\" width=\"150\" height=\"150\" src=\"https:\/\/citadinisulidarii.org\/wp-content\/uploads\/2025\/10\/cropped-logo_10-1-150x150.jpeg\" class=\"attachment-thumbnail size-thumbnail wp-image-121\" alt=\"\" srcset=\"https:\/\/citadinisulidarii.org\/wp-content\/uploads\/2025\/10\/cropped-logo_10-1-150x150.jpeg 150w, https:\/\/citadinisulidarii.org\/wp-content\/uploads\/2025\/10\/cropped-logo_10-1-300x300.jpeg 300w, https:\/\/citadinisulidarii.org\/wp-content\/uploads\/2025\/10\/cropped-logo_10-1-100x100.jpeg 100w, https:\/\/citadinisulidarii.org\/wp-content\/uploads\/2025\/10\/cropped-logo_10-1-270x270.jpeg 270w, https:\/\/citadinisulidarii.org\/wp-content\/uploads\/2025\/10\/cropped-logo_10-1-192x192.jpeg 192w, https:\/\/citadinisulidarii.org\/wp-content\/uploads\/2025\/10\/cropped-logo_10-1-180x180.jpeg 180w, https:\/\/citadinisulidarii.org\/wp-content\/uploads\/2025\/10\/cropped-logo_10-1-32x32.jpeg 32w, https:\/\/citadinisulidarii.org\/wp-content\/uploads\/2025\/10\/cropped-logo_10-1.jpeg 512w\" sizes=\"(max-width: 150px) 100vw, 150px\" \/>\t\t\t\t\t\t\t\t\t\t\t\t\t\t\t<\/div>\n\t\t\t\t\t<\/div>\n\t\t\t\t<\/div>\n\t\t<div class=\"elementor-element elementor-element-3fd98ac e-grid e-con-boxed e-con e-parent\" data-id=\"3fd98ac\" data-element_type=\"container\">\n\t\t\t\t\t<div class=\"e-con-inner\">\n\t\t\t\t<div class=\"elementor-element elementor-element-26d7782 elementor-widget elementor-widget-text-editor\" data-id=\"26d7782\" data-element_type=\"widget\" data-widget_type=\"text-editor.default\">\n\t\t\t\t\t\t\t\t\t<h2>POUR ADHERER\u00a0<\/h2>\t\t\t\t\t\t\t\t<\/div>\n\t\t\t\t<div class=\"elementor-element elementor-element-e26afce elementor-widget elementor-widget-text-editor\" data-id=\"e26afce\" data-element_type=\"widget\" data-widget_type=\"text-editor.default\">\n\t\t\t\t\t\t\t\t\t<h2>C&rsquo;EST<a href=\"https:\/\/www.helloasso.com\/associations\/citadini-sulidarii-citoyens-solidaires\/adhesions\/adhesion-citadini-sulidarii-1\"> ICI<\/a><\/h2>\t\t\t\t\t\t\t\t<\/div>\n\t\t\t\t\t<\/div>\n\t\t\t\t<\/div>\n\t\t<div class=\"elementor-element elementor-element-8e2c523 e-flex e-con-boxed e-con e-parent\" data-id=\"8e2c523\" data-element_type=\"container\">\n\t\t\t\t\t<div class=\"e-con-inner\">\n\t\t\t\t<div class=\"elementor-element elementor-element-11a6856 elementor-widget elementor-widget-text-editor\" data-id=\"11a6856\" data-element_type=\"widget\" data-widget_type=\"text-editor.default\">\n\t\t\t\t\t\t\t\t\t<p>Cette association est n\u00e9e du d\u00e9veloppement de deux collectifs balanins, Balagne en Transition et le Collectif de Citoyens pour la paix. Certains de leurs membres ont pens\u00e9 qu&rsquo;il \u00e9tait temps de se constituer en association 1901, afin de mieux s&rsquo;organiser, communiquer, et lutter contre la mont\u00e9e des id\u00e9es de haine et de rejet de \u00ab\u00a0l&rsquo;autre\u00a0\u00bb. Ses domaines d&rsquo;action et de r\u00e9flexion seront aussi nombreux que l&rsquo;envie et l&rsquo;\u00e9nergie de ses membres le permettra. Il a \u00e9t\u00e9 d\u00e9j\u00e0 list\u00e9 plusieurs th\u00e8mes \u00e9vidents : &#8211; la lutte pour l&rsquo;\u00e9galit\u00e9 des femmes dans notre soci\u00e9t\u00e9, pour la d\u00e9fense des Droits de l&rsquo;Homme et des citoyen.ne.s, la d\u00e9fense du vivant, des \u00e9l\u00e9ments fondamentaux que sont la terre, l&rsquo;air et l&rsquo;eau , la d\u00e9fense de la culture et de la langue corse.\u00a0<\/p><p>Vous pouvez soutenir en adh\u00e9rant ou simplement participer aux rendez vous de l&rsquo;association ouverts \u00e0 tous .\u00a0<\/p>\t\t\t\t\t\t\t\t<\/div>\n\t\t\t\t\t<\/div>\n\t\t\t\t<\/div>\n\t\t<div class=\"elementor-element elementor-element-b4a00e5 e-flex e-con-boxed e-con e-parent\" data-id=\"b4a00e5\" data-element_type=\"container\">\n\t\t\t\t\t<div class=\"e-con-inner\">\n\t\t\t\t<div class=\"elementor-element elementor-element-7a0a427 elementor-widget elementor-widget-text-editor\" data-id=\"7a0a427\" data-element_type=\"widget\" data-widget_type=\"text-editor.default\">\n\t\t\t\t\t\t\t\t\t<p>Extrait des statuts: CITADINI SULIDARII \u2013 CITOYENS SOLIDAIRES<\/p><p>Article 1<span class=\"s1\">er <\/span>:Il est fond\u00e9 entre les adh\u00e9rents aux pr\u00e9sents statuts une association de type coll\u00e9gial r\u00e9gie par la loi du 1<span class=\"s1\">er <\/span>juillet 1901 et le d\u00e9cret du 16 ao\u00fbt 1901, d\u00e9nomm\u00e9e : CITADINI SULIDARII \u2013 CITOYENS SOLIDAIRES<\/p><p class=\"p1\">Article 2 :L\u2019association a pour objet la d\u00e9fense des droits des personnes, des communaut\u00e9s et de l\u2019ensemble du Vivant. Elle oeuvre au renforcement des liens sociaux, \u00e0 la pr\u00e9servation de la diversit\u00e9 culturelle et \u00e9cologique, et \u00e0 la diffusion des savoirs. Ses actions peuvent prendre la forme de sensibilisation, de formation, de soutien, de plaidoyer, ou toute autre initiative contribuant \u00e0 ses objectifs.<\/p><p>.<\/p>\t\t\t\t\t\t\t\t<\/div>\n\t\t\t\t\t<\/div>\n\t\t\t\t<\/div>\n\t\t\t\t<\/div>\n\t\t","protected":false},"excerpt":{"rendered":"<p>POUR ADHERER\u00a0 C&rsquo;EST ICI Cette association est n\u00e9e du d\u00e9veloppement de deux collectifs balanins, Balagne en Transition et le Collectif de Citoyens pour la paix. Certains de leurs membres ont pens\u00e9 qu&rsquo;il \u00e9tait temps de se constituer en association 1901, afin de mieux s&rsquo;organiser, communiquer, et lutter contre la mont\u00e9e des id\u00e9es de haine et [&hellip;]<\/p>\n","protected":false},"author":1,"featured_media":121,"parent":0,"menu_order":0,"comment_status":"closed","ping_status":"closed","template":"","meta":{"footnotes":""},"class_list":["post-111","page","type-page","status-publish","has-post-thumbnail","hentry"],"_links":{"self":[{"href":"https:\/\/citadinisulidarii.org\/index.php?rest_route=\/wp\/v2\/pages\/111","targetHints":{"allow":["GET"]}}],"collection":[{"href":"https:\/\/citadinisulidarii.org\/index.php?rest_route=\/wp\/v2\/pages"}],"about":[{"href":"https:\/\/citadinisulidarii.org\/index.php?rest_route=\/wp\/v2\/types\/page"}],"author":[{"embeddable":true,"href":"https:\/\/citadinisulidarii.org\/index.php?rest_route=\/wp\/v2\/users\/1"}],"replies":[{"embeddable":true,"href":"https:\/\/citadinisulidarii.org\/index.php?rest_route=%2Fwp%2Fv2%2Fcomments&post=111"}],"version-history":[{"count":14,"href":"https:\/\/citadinisulidarii.org\/index.php?rest_route=\/wp\/v2\/pages\/111\/revisions"}],"predecessor-version":[{"id":209,"href":"https:\/\/citadinisulidarii.org\/index.php?rest_route=\/wp\/v2\/pages\/111\/revisions\/209"}],"wp:featuredmedia":[{"embeddable":true,"href":"https:\/\/citadinisulidarii.org\/index.php?rest_route=\/wp\/v2\/media\/121"}],"wp:attachment":[{"href":"https:\/\/citadinisulidarii.org\/index.php?rest_route=%2Fwp%2Fv2%2Fmedia&parent=111"}],"curies":[{"name":"wp","href":"https:\/\/api.w.org\/{rel}","templated":true}]}}

<div data-elementor-type="wp-page" data-elementor-id="111" class="elementor elementor-111">
				<div class="elementor-element elementor-element-8565dd7 e-flex e-con-boxed e-con e-parent" data-id="8565dd7" data-element_type="container">
					<div class="e-con-inner">
				<div class="elementor-element elementor-element-a7b69a5 elementor-widget elementor-widget-image" data-id="a7b69a5" data-element_type="widget" data-widget_type="image.default">
															<img decoding="async" width="150" height="150" src="https://citadinisulidarii.org/wp-content/uploads/2025/10/cropped-logo_10-1-150x150.jpeg" class="attachment-thumbnail size-thumbnail wp-image-121" alt="" srcset="https://citadinisulidarii.org/wp-content/uploads/2025/10/cropped-logo_10-1-150x150.jpeg 150w, https://citadinisulidarii.org/wp-content/uploads/2025/10/cropped-logo_10-1-300x300.jpeg 300w, https://citadinisulidarii.org/wp-content/uploads/2025/10/cropped-logo_10-1-100x100.jpeg 100w, https://citadinisulidarii.org/wp-content/uploads/2025/10/cropped-logo_10-1-270x270.jpeg 270w, https://citadinisulidarii.org/wp-content/uploads/2025/10/cropped-logo_10-1-192x192.jpeg 192w, https://citadinisulidarii.org/wp-content/uploads/2025/10/cropped-logo_10-1-180x180.jpeg 180w, https://citadinisulidarii.org/wp-content/uploads/2025/10/cropped-logo_10-1-32x32.jpeg 32w, https://citadinisulidarii.org/wp-content/uploads/2025/10/cropped-logo_10-1.jpeg 512w" sizes="(max-width: 150px) 100vw, 150px" />															</div>
					</div>
				</div>
		<div class="elementor-element elementor-element-3fd98ac e-grid e-con-boxed e-con e-parent" data-id="3fd98ac" data-element_type="container">
					<div class="e-con-inner">
				<div class="elementor-element elementor-element-26d7782 elementor-widget elementor-widget-text-editor" data-id="26d7782" data-element_type="widget" data-widget_type="text-editor.default">
									<h2>POUR ADHERER </h2>								</div>
				<div class="elementor-element elementor-element-e26afce elementor-widget elementor-widget-text-editor" data-id="e26afce" data-element_type="widget" data-widget_type="text-editor.default">
									<h2>C&rsquo;EST<a href="https://www.helloasso.com/associations/citadini-sulidarii-citoyens-solidaires/adhesions/adhesion-citadini-sulidarii-1"> ICI</a></h2>								</div>
					</div>
				</div>
		<div class="elementor-element elementor-element-8e2c523 e-flex e-con-boxed e-con e-parent" data-id="8e2c523" data-element_type="container">
					<div class="e-con-inner">
				<div class="elementor-element elementor-element-11a6856 elementor-widget elementor-widget-text-editor" data-id="11a6856" data-element_type="widget" data-widget_type="text-editor.default">
									<p>Cette association est née du développement de deux collectifs balanins, Balagne en Transition et le Collectif de Citoyens pour la paix. Certains de leurs membres ont pensé qu&rsquo;il était temps de se constituer en association 1901, afin de mieux s&rsquo;organiser, communiquer, et lutter contre la montée des idées de haine et de rejet de « l&rsquo;autre ». Ses domaines d&rsquo;action et de réflexion seront aussi nombreux que l&rsquo;envie et l&rsquo;énergie de ses membres le permettra. Il a été déjà listé plusieurs thèmes évidents : &#8211; la lutte pour l&rsquo;égalité des femmes dans notre société, pour la défense des Droits de l&rsquo;Homme et des citoyen.ne.s, la défense du vivant, des éléments fondamentaux que sont la terre, l&rsquo;air et l&rsquo;eau , la défense de la culture et de la langue corse. </p><p>Vous pouvez soutenir en adhérant ou simplement participer aux rendez vous de l&rsquo;association ouverts à tous . </p>								</div>
					</div>
				</div>
		<div class="elementor-element elementor-element-b4a00e5 e-flex e-con-boxed e-con e-parent" data-id="b4a00e5" data-element_type="container">
					<div class="e-con-inner">
				<div class="elementor-element elementor-element-7a0a427 elementor-widget elementor-widget-text-editor" data-id="7a0a427" data-element_type="widget" data-widget_type="text-editor.default">
									<p>Extrait des statuts: CITADINI SULIDARII – CITOYENS SOLIDAIRES</p><p>Article 1<span class="s1">er </span>:Il est fondé entre les adhérents aux présents statuts une association de type collégial régie par la loi du 1<span class="s1">er </span>juillet 1901 et le décret du 16 août 1901, dénommée : CITADINI SULIDARII – CITOYENS SOLIDAIRES</p><p class="p1">Article 2 :L’association a pour objet la défense des droits des personnes, des communautés et de l’ensemble du Vivant. Elle oeuvre au renforcement des liens sociaux, à la préservation de la diversité culturelle et écologique, et à la diffusion des savoirs. Ses actions peuvent prendre la forme de sensibilisation, de formation, de soutien, de plaidoyer, ou toute autre initiative contribuant à ses objectifs.</p><p>.</p>								</div>
					</div>
				</div>
				</div>

<p>POUR ADHERER  C&rsquo;EST ICI Cette association est née du développement de deux collectifs balanins, Balagne en Transition et le Collectif de Citoyens pour la paix. Certains de leurs membres ont pensé qu&rsquo;il était temps de se constituer en association 1901, afin de mieux s&rsquo;organiser, communiquer, et lutter contre la montée des idées de haine et [&hellip;]</p>
